ivide 970943?
False
Does 6 divide 4867?
False
Does 78 divide 2441015?
False
Is 48460 a multiple of 20?
True
Is 14937816 a multiple of 167?
True
Is 19 a factor of 481859?
True
Does 12 divide 4205266?
False
Is 364874 a multiple of 5?
False
Is 618986 a multiple of 92?
False
Does 552 divide 345000?
True
Is 1028491 a multiple of 461?
True
Is 63 a factor of 1185156?
True
Is 265810 a multiple of 161?
False
Does 11 divide 1443277?
True
Does 37 divide 30895?
True
Does 10 divide 294275?
False
Is 5242950 a multiple of 225?
True
Is 2221960 a multiple of 26?
True
Is 10013451 a multiple of 17?
False
Does 16 divide 12122880?
True
Is 18 a factor of 8383356?
True
Does 22 divide 106843?
False
Is 85456 a multiple of 14?
True
Does 864 divide 2428704?
True
Is 2 a factor of 273103?
False
Is 2159889 a multiple of 360?
False
Is 15 a factor of 66178?
False
Is 26 a factor of 295054?
False
Does 85 divide 152052?
False
Does 310 divide 15481582?
False
Is 55 a factor of 682569?
False
Is 27 a factor of 415962?
True
Is 9063 a multiple of 104?
False
Is 38025 a multiple of 45?
True
Is 352764 a multiple of 36?
True
Is 4143347 a multiple of 13?
True
Is 28 a factor of 354536?
True
Is 293 a factor of 2334562?
False
Is 47 a factor of 133668?
True
Does 3 divide 29979?
True
Is 1382062 a multiple of 22?
True
Is 2993609 a multiple of 162?
False
Is 209280 a multiple of 240?
True
Does 170 divide 214149?
False
Does 93 divide 35714?
False
Is 7 a factor of 296695?
True
Is 12564587 a multiple of 22?
False
Is 1383410 a multiple of 34?
False
Is 34 a factor of 319532?
True
Is 327426 a multiple of 451?
True
Is 369 a factor of 2946465?
True
Does 288 divide 4607086?
False
Is 51 a factor of 131391?
False
Is 261 a factor of 97533?
False
Does 88 divide 1477784?
True
Is 352582 a multiple of 316?
False
Does 178 divide 1948068?
False
Is 10 a factor of 1081470?
True
Does 7 divide 7058277?
False
Is 116674 a multiple of 6?
False
Is 373578 a multiple of 114?
True
Is 61 a factor of 614604?
False
Is 29 a factor of 8226841?
False
Is 1022075 a multiple of 173?
False
Is 396 a factor of 883476?
True
Does 88 divide 1369244?
False
Is 36 a factor of 1211876?
False
Is 11 a factor of 337051?
True
Is 274 a factor of 746871?
False
Is 19401654 a multiple of 946?
False
Is 151 a factor of 5279948?
False
Does 40 divide 678941?
False
Is 48 a factor of 35424?
True
Is 261900 a multiple of 90?
True
Does 26 divide 5497533?
False
Does 364 divide 4250441?
False
Is 39 a factor of 869193?
True
Is 21 a factor of 9450924?
True
Is 258382 a multiple of 41?
True
Does 103 divide 570002?
True
Does 19 divide 35108086?
True
Is 377960 a multiple of 11?
True
Is 7 a factor of 368693?
False
Does 112 divide 3844538?
False
Does 4 divide 30086?
False
Is 4831500 a multiple of 375?
True
Does 31 divide 586789?
False
Is 16 a factor of 11737024?
True
Does 27 divide 3843882?
True
Is 51 a factor of 85830?
False
Is 7470749 a multiple of 13?
True
Is 2156196 a multiple of 588?
True
Is 540054 a multiple of 73?
True
Does 99 divide 23316975?
True
Is 10 a factor of 162725?
False
Does 4 divide 3527154?
False
Does 1264 divide 2756200?
False
Is 163329 a multiple of 62?
False
Does 172 divide 1389760?
True
Is 616192 a multiple of 58?
True
Is 2684880 a multiple of 110?
True
Is 838734 a multiple of 3?
True
Does 3 divide 57376?
False
Is 513230 a multiple of 58?
False
Does 9 divide 89800?
False
Does 708 divide 1945894?
False
Is 934140 a multiple of 98?
False
Is 4 a factor of 22832?
True
Does 53 divide 85763?
False
Is 1138 a factor of 7986685?
False
Is 11 a factor of 369347?
True
Is 35 a factor of 982975?
True
Is 501 a factor of 3463914?
True
Does 361 divide 3392317?
True
Is 2354842 a multiple of 79?
False
Is 6312105 a multiple of 51?
False
Does 14 divide 646327?
False
Is 1830600 a multiple of 60?
True
Does 35 divide 10114692?
False
Is 2474520 a multiple of 191?
False
Is 26 a factor of 498342?
True
Does 472 divide 20064140?
False
Is 22 a factor of 432080?
True
Is 2009630 a multiple of 398?
False
Does 488 divide 223653?
False
Is 854 a factor of 26257084?
True
Does 423 divide 8012466?
True
Is 15 a factor of 3799?
False
Does 14 divide 8469846?
True
Does 37 divide 2384761?
True
Is 50 a factor of 37150?
True
Is 350647 a multiple of 30?
False
Does 87 divide 1021119?
True
Is 632 a factor of 2136241?
False
Does 36 divide 237108?
False
Is 16 a factor of 1696543?
False
Is 3992729 a multiple of 13?
True
Is 208 a factor of 5676320?
True
Is 601680 a multiple of 291?
False
Does 1097 divide 3787652?
False
Is 279 a factor of 1143063?
True
Is 7 a factor of 588723?
False
Does 35 divide 451920?
True
Does 5 divide 2658538?
False
Is 171 a factor of 1026?
True
Is 20 a factor of 636779?
False
Is 376 a factor of 234128?
False
Does 104 divide 19307356?
False
Is 110 a factor of 4553560?
True
Does 118 divide 5648146?
False
Is 20 a factor of 166144?
False
Does 46 divide 3379487?
False
Is 2810531 a multiple of 3?
False
Does 32 divide 379274?
False
Is 20 a factor of 7146161?
False
Is 12 a factor of 20100?
True
Is 81 a factor of 976045?
False
Does 33 divide 39534?
True
Does 2270 divide 21381130?
True
Is 927180 a multiple of 540?
True
Does 316 divide 848449?
False
Is 8262366 a multiple of 422?
False
Is 588711 a multiple of 118?
False
Does 546 divide 179891?
False
Is 12050294 a multiple of 1185?
False
Does 143 divide 105929?
False
Does 679 divide 3076549?
True
Is 137 a factor of 56718?
True
Does 6 divide 21652?
False
Does 175 divide 1419391?
False
Is 18 a factor of 380052?
True
Is 1119 a factor of 928876?
False
Does 27 divide 42133?
False
Does 11 divide 458123?
False
Does 30 divide 78570?
True
Is 216 a factor of 1617408?
True
Is 14 a factor of 2856448?
True
Is 4862828 a multiple of 386?
True
Is 1254900 a multiple of 50?
True
Is 425884 a multiple of 34?
True
Is 64 a factor of 411008?
True
Is 351121 a multiple of 14?
False
Is 77 a factor of 59561?
False
Does 37 divide 209114?
False
Is 978524 a multiple of 459?
False
Is 131 a factor of 1789972?
False
Is 151 a factor of 457379?
True
Is 464868 a multiple of 74?
True
Does 52 divide 272781?
False
Does 45 divide 3762761?
False
Is 72501 a multiple of 3?
True
Is 138810 a multiple of 42?
True
Is 611292 a multiple of 363?
True
Does 593 divide 794027?
True
Is 1212464 a multiple of 332?
True
Is 9 a factor of 37539?
True
Does 60 divide 128100?
True
Is 16 a factor of 64379?
False
Is 40 a factor of 1061080?
True
Is 12997 a multiple of 3?
False
Is 3825798 a multiple of 78?
False
Is 147 a factor of 230390?
False
Does 68 divide 1407538?
False
Is 4 a factor of 382436?
True
Is 821844 a multiple of 1009?
False
Does 78 divide 13795470?
True
Does 24 divide 2769456?
True
Does 14 divide 572810?
True
Does 1071 divide 1099917?
True
Is 142252 a multiple of 122?
True
Is 91432 a multiple of 29?
False
Is 53 a factor of 1978910?
False
Is 431 a factor of 1517198?
False
Is 1036269 a multiple of 9?
True
Does 348 divide 4455444?
True
Is 551 a factor of 1882767?
True
Is 3173813 a multiple of 109?
False
Is 2484463 a multiple of 416?
False
Is 4082080 a multiple of 823?
True
Is 142823 a multiple of 5?
False
Is 20975 a multiple of 7?
False
Does 32 divide 13504186?
False
Is 2144738 a multiple of 34?
False
Is 51 a factor of 360417?
True
Is 417729 a multiple of 12?
False
Is 1829885 a multiple of 17?
False
Does 12 divide 2377424?
False
Is 4914187 a multiple of 573?
False
Does 22 divide 71322?
False
Does 33 divide 292974?
True
Does 1938 divide 9509766?
True
Is 14 a factor of 376757?
False
Does 2 divide 11910?
True
Does 10 divide 28897972?
False
Is 188 a factor of 319891?
False
Is 30 a factor of 22250370?
True
Is 13987 a multiple of 10?
False
Does 41 divide 1462224?
True
Does 18 divide 630241?
False
Is 373516 a multiple of 653?
True
Is 8 a factor of 377928?
True
Is 26 a factor of 122044?
True
Does 65 divide 1477999?
False
Is 15182310 a multiple of 143?
True
Is 18649458 a multiple of 842?
True
Is 138765 a multiple of 145?
True
Is 2863296 a multiple of 18?
True
Is 2 a factor of 390546?
True
Is 226 a factor of 1655902?
True
Does 833 divide 3752665?
True
Is 145991 a multiple of 7?
False
Does 7 divide 156800?
True
Is 1092354 even?
True
Does 68 divide 198348?
False
Is 150 a factor of 167226?
False
Is 2142 a factor of 26515818?
True
Does 6 divide 97458?
True
Does 11 divide 1722279?
False
Is 38 a factor o